
Calculate the remainder when 762 is divided by 13.
8
What is the remainder when 9231 is divided by 19?
16
What is the remainder when 75 is divided by 38?
37
Calculate the remainder when 403 is divided by 8.
3
Calculate the remainder when 9205 is divided by 4602.
1
Calculate the remainder when 1808 is divided by 7.
2
What is the remainder when 97 is divided by 9?
7
What is the remainder when 243 is divided by 207?
36
Calculate the remainder when 501 is divided by 36.
33
Calculate the remainder when 179 is divided by 66.
47
What is the remainder when 138 is divided by 47?
44
What is the remainder when 1579 is divided by 33?
28
Calculate the remainder when 110 is divided by 43.
24
Calculate the remainder when 2235 is divided by 32.
27
What is the remainder when 158 is divided by 56?
46
Calculate the remainder when 14351 is divided by 319.
315
What is the remainder when 2132 is divided by 154?
130
What is the remainder when 233 is divided by 51?
29
What is the remainder when 787 is divided by 105?
52
What is the remainder when 275 is divided by 266?
9
Calculate the remainder when 124 is divided by 31.
0
Calculate the remainder when 276 is divided by 19.
10
What is the remainder when 796 is divided by 42?
40
What is the remainder when 2170 is divided by 559?
493
Calculate the remainder when 2941 is divided by 128.
125
Calculate the remainder when 12923 is divided by 47.
45
What is the remainder when 9177 is divided by 85?
82
What is the remainder when 1068 is divided by 20?
8
What is the remainder when 29036 is divided by 60?
56
What is the remainder when 50 is divided by 27?
23
What is the remainder when 7511 is divided by 442?
439
Calculate the remainder when 1334 is divided by 20.
14
Calculate the remainder when 2606 is divided by 11.
10
What is the remainder when 590 is divided by 122?
102
Calculate the remainder when 60 is divided by 19.
3
What is the remainder when 125 is divided by 16?
13
Calculate the remainder when 272 is divided by 13.
12
Calculate the remainder when 1556 is divided by 154.
16
What is the remainder when 923 is divided by 155?
148
Calculate the remainder when 124 is divided by 29.
8
Calculate the remainder when 1203 is divided by 36.
15
Calculate the remainder when 293 is divided by 51.
38
Calculate the remainder when 762 is divided by 154.
146
What is the remainder when 582 is divided by 109?
37
What is the remainder when 2906 is divided by 26?
20
Calculate the remainder when 280 is divided by 47.
45
Calculate the remainder when 14683 is divided by 19.
15
What is the remainder when 938 is divided by 6?
2
What is the remainder when 113 is divided by 40?
33
What is the remainder when 111 is divided by 56?
55
What is the remainder when 737 is divided by 74?
71
Calculate the remainder when 195 is divided by 68.
59
What is the remainder when 96 is divided by 44?
8
Calculate the remainder when 633 is divided by 129.
117
What is the remainder when 844 is divided by 175?
144
What is the remainder when 1814 is divided by 203?
190
What is the remainder when 427 is divided by 22?
9
Calculate the remainder when 1726 is divided by 20.
6
Calculate the remainder when 116 is divided by 13.
12
Calculate the remainder when 113 is divided by 34.
11
What is the remainder when 1025 is divided by 27?
26
Calculate the remainder when 254 is divided by 32.
30
Calculate the remainder when 9631 is divided by 112.
111
What is the remainder when 1469 is divided by 5?
4
What is the remainder when 340 is divided by 70?
60
What is the remainder when 3 is divided by 1?
0
Calculate the remainder when 308 is divided by 41.
21
Calculate the remainder when 4289 is divided by 62.
11
Calculate the remainder when 369 is divided by 191.
178
Calculate the remainder when 531 is divided by 177.
0
What is the remainder when 188 is divided by 135?
53
Calculate the remainder when 199 is divided by 70.
59
Calculate the remainder when 1949 is divided by 122.
119
What is the remainder when 1138 is divided by 15?
13
Calculate the remainder when 160 is divided by 47.
19
What is the remainder when 291 is divided by 74?
69
Calculate the remainder when 6809 is divided by 131.
128
Calculate the remainder when 76 is divided by 22.
10
What is the remainder when 142 is divided by 12?
10
What is the remainder when 441 is divided by 147?
0
Calculate the remainder when 412 is divided by 32.
28
Calculate the remainder when 455 is divided by 66.
59
Calculate the remainder when 27499 is divided by 309.
307
What is the remainder when 1817 is divided by 52?
49
What is the remainder when 6895 is divided by 10?
5
Calculate the remainder when 471 is divided by 407.
64
Calculate the remainder when 580 is divided by 201.
178
Calculate the remainder when 270 is divided by 55.
50
What is the remainder when 383 is divided by 22?
9
Calculate the remainder when 631 is divided by 8.
7
What is the remainder when 670 is divided by 96?
94
Calculate the remainder when 311 is divided by 12.
11
What is the remainder when 201 is divided by 18?
3
Calculate the remainder when 138 is divided by 34.
2
Calculate the remainder when 141 is divided by 71.
70
Calculate the remainder when 160 is divided by 61.
38
Calculate the remainder when 619 is divided by 33.
25
Calculate the remainder when 350 is divided by 340.
10
What is the remainder when 98 is divided by 19?
3
Calculate the remainder when 986 is divided by 43.
40
What is the remainder when 1470 is divided by 121?
18
Calculate the remainder when 214 is divided by 20.
14
Calculate the remainder when 167 is divided by 26.
11
What is the remainder when 224 is divided by 75?
74
Calculate the remainder when 347 is divided by 114.
5
Calculate the remainder when 75 is divided by 38.
37
What is the remainder when 1197 is divided by 60?
57
What is the remainder when 3603 is divided by 95?
88
Calculate the remainder when 358 is divided by 45.
43
What is the remainder when 269 is divided by 5?
4
What is the remainder when 297 is divided by 38?
31
What is the remainder when 277 is divided by 84?
25
What is the remainder when 521 is divided by 23?
15
Calculate the remainder when 14 is divided by 6.
2
What is the remainder when 236 is divided by 107?
22
What is the remainder when 5 is divided by 5?
0
What is the remainder when 414 is divided by 47?
38
What is the remainder when 62 is divided by 23?
16
What is the remainder when 799 is divided by 160?
159
Calculate the remainder when 2414 is divided by 22.
16
Calculate the remainder when 94 is divided by 76.
18
Calculate the remainder when 700 is divided by 332.
36
Calculate the remainder when 30720 is divided by 77.
74
Calculate the remainder when 13245 is divided by 37.
36
What is the remainder when 5054 is divided by 16?
14
Calculate the remainder when 141 is divided by 13.
11
Calculate the remainder when 215 is divided by 136.
79
What is the remainder when 444 is divided by 234?
210
Calculate the remainder when 75 is divided by 16.
11
What is the remainder when 432 is divided by 125?
57
Calculate the remainder when 1365 is divided by 422.
99
Calculate the remainder when 131 is divided by 78.
53
Calculate the remainder when 154 is divided by 26.
24
What is the remainder when 942 is divided by 27?
24
Calculate the remainder when 9314 is divided by 10.
4
What is the remainder when 346 is divided by 32?
26
What is the remainder when 131 is divided by 33?
32
What is the remainder when 456 is divided by 357?
99
Calculate the remainder when 723 is divided by 33.
30
Calculate the remainder when 293 is divided by 67.
25
What is the remainder when 176 is divided by 90?
86
What is the remainder when 595 is divided by 13?
10
What is the remainder when 306 is divided by 2?
0
What is the remainder when 13717 is divided by 35?
32
What is the remainder when 2347 is divided by 5?
2
What is the remainder when 443 is divided by 111?
110
Calculate the remainder when 5672 is divided by 203.
191
What is the remainder when 522 is divided by 120?
42
What is the remainder when 385 is divided by 11?
0
What is the remainder when 608 is divided by 70?
48
What is the remainder when 1528 is divided by 90?
88
What is the remainder when 274 is divided by 69?
67
Calculate the remainder when 744 is divided by 85.
64
Calculate the remainder when 